{"id":872,"date":"2014-11-14T15:24:14","date_gmt":"2014-11-14T18:24:14","guid":{"rendered":"https:\/\/dcd.crp.ufv.br\/?page_id=872"},"modified":"2025-03-25T13:58:17","modified_gmt":"2025-03-25T16:58:17","slug":"social","status":"publish","type":"page","link":"https:\/\/dcd.crp.ufv.br\/?page_id=872","title":{"rendered":"Servi\u00e7o Social"},"content":{"rendered":"\r\n<p style=\"text-align: center;\">A p\u00e1gina do Servi\u00e7o Social est\u00e1 de cara nova, clique na imagem abaixo para acessar.<\/p>\r\n\r\n\r\n\r\n<figure class=\"wp-block-image is-resized\"><a href=\"https:\/\/dcd.crp.ufv.br\/ss\/\" target=\"_blank\" rel=\"noreferrer noopener\"><img loading=\"lazy\" decoding=\"async\" class=\"wp-image-2599 aligncenter\" src=\"https:\/\/dcd.crp.ufv.br\/wp-content\/uploads\/1-2.jpg\" alt=\"\" width=\"588\" height=\"441\" srcset=\"https:\/\/dcd.crp.ufv.br\/wp-content\/uploads\/1-2.jpg 800w, https:\/\/dcd.crp.ufv.br\/wp-content\/uploads\/1-2-300x225.jpg 300w, https:\/\/dcd.crp.ufv.br\/wp-content\/uploads\/1-2-768x576.jpg 768w, https:\/\/dcd.crp.ufv.br\/wp-content\/uploads\/1-2-400x300.jpg 400w\" sizes=\"auto, (max-width: 588px) 100vw, 588px\" \/><\/a><\/figure>\r\n","protected":false},"excerpt":{"rendered":"<p>A p\u00e1gina do Servi\u00e7o Social est\u00e1 de cara nova, clique na imagem abaixo para acessar.<\/p>\n","protected":false},"author":6,"featured_media":0,"parent":0,"menu_order":0,"comment_status":"closed","ping_status":"open","template":"","meta":{"footnotes":""},"class_list":["post-872","page","type-page","status-publish","hentry"],"_links":{"self":[{"href":"https:\/\/dcd.crp.ufv.br\/index.php?rest_route=\/wp\/v2\/pages\/872","targetHints":{"allow":["GET"]}}],"collection":[{"href":"https:\/\/dcd.crp.ufv.br\/index.php?rest_route=\/wp\/v2\/pages"}],"about":[{"href":"https:\/\/dcd.crp.ufv.br\/index.php?rest_route=\/wp\/v2\/types\/page"}],"author":[{"embeddable":true,"href":"https:\/\/dcd.crp.ufv.br\/index.php?rest_route=\/wp\/v2\/users\/6"}],"replies":[{"embeddable":true,"href":"https:\/\/dcd.crp.ufv.br\/index.php?rest_route=%2Fwp%2Fv2%2Fcomments&post=872"}],"version-history":[{"count":258,"href":"https:\/\/dcd.crp.ufv.br\/index.php?rest_route=\/wp\/v2\/pages\/872\/revisions"}],"predecessor-version":[{"id":3376,"href":"https:\/\/dcd.crp.ufv.br\/index.php?rest_route=\/wp\/v2\/pages\/872\/revisions\/3376"}],"wp:attachment":[{"href":"https:\/\/dcd.crp.ufv.br\/index.php?rest_route=%2Fwp%2Fv2%2Fmedia&parent=872"}],"curies":[{"name":"wp","href":"https:\/\/api.w.org\/{rel}","templated":true}]}}